is the hundreds digit of 145?
1
What is the units digit of 109060?
0
What is the tens digit of 418?
1
What is the tens digit of 6057?
5
What is the tens digit of 585?
8
What is the ten thousands digit of 11329?
1
What is the hundreds digit of 2476?
4
What is the tens digit of 22232?
3
What is the units digit of 2033?
3
What is the tens digit of 38543?
4
What is the tens digit of 3116?
1
What is the ten thousands digit of 36141?
3
What is the thousands digit of 99009?
9
What is the tens digit of 14239?
3
What is the ten thousands digit of 16179?
1
What is the tens digit of 3686?
8
What is the units digit of 12954?
4
What is the units digit of 14942?
2
What is the tens digit of 3425?
2
What is the thousands digit of 4818?
4
What is the hundreds digit of 6111?
1
What is the units digit of 2062?
2
What is the units digit of 112176?
6
What is the thousands digit of 1689?
1
What is the tens digit of 369?
6
What is the thousands digit of 1864?
1
What is the hundreds digit of 126121?
1
What is the thousands digit of 1240?
1
What is the units digit of 22627?
7
What is the units digit of 1015?
5
What is the tens digit of 104?
0
What is the tens digit of 78?
7
What is the thousands digit of 93182?
3
What is the units digit of 96922?
2
What is the ten thousands digit of 33991?
3
What is the hundreds digit of 35873?
8
What is the tens digit of 16941?
4
What is the thousands digit of 19256?
9
What is the hundreds digit of 6466?
4
What is the tens digit of 572?
7
What is the hundreds digit of 20857?
8
What is the units digit of 988?
8
What is the hundreds digit of 2779?
7
What is the ten thousands digit of 86811?
8
What is the units digit of 76113?
3
What is the tens digit of 8149?
4
What is the units digit of 3280?
0
What is the hundreds digit of 556?
5
What is the units digit of 813?
3
What is the hundreds digit of 2182?
1
What is the thousands digit of 1440?
1
What is the thousands digit of 59889?
9
What is the tens digit of 145?
4
What is the tens digit of 2579?
7
What is the units digit of 86?
6
What is the hundreds digit of 4392?
3
What is the tens digit of 7437?
3
What is the thousands digit of 20666?
0
What is the units digit of 10383?
3
What is the tens digit of 1901?
0
What is the tens digit of 9196?
9
What is the units digit of 28127?
7
What is the units digit of 6354?
4
What is the ten thousands digit of 12059?
1
What is the ten thousands digit of 11310?
1
What is the thousands digit of 146597?
6
What is the tens digit of 208?
0
What is the thousands digit of 7038?
7
What is the hundreds digit of 128784?
7
What is the tens digit of 6816?
1
What is the thousands digit of 7316?
7
What is the thousands digit of 7388?
7
What is the hundreds digit of 40771?
7
What is the tens digit of 49173?
7
What is the thousands digit of 2016?
2
What is the hundreds digit of 15259?
2
What is the tens digit of 10478?
7
What is the units digit of 1507?
7
What is the thousands digit of 15693?
5
What is the tens digit of 32339?
3
What is the hundreds digit of 1004?
0
What is the hundreds digit of 874?
8
What is the units digit of 124?
4
What is the hundreds digit of 1196?
1
What is the hundreds digit of 1033?
0
What is the hundreds digit of 3113?
1
What is the ten thousands digit of 46545?
4
What is the tens digit of 2456?
5
What is the hundreds digit of 3143?
1
What is the hundred thousands digit of 106858?
1
What is the tens digit of 1538?
3
What is the tens digit of 78802?
0
What is the ten thousands digit of 149000?
4
What is the tens digit of 440?
4
What is the hundred thousands digit of 103654?
1
What is the units digit of 15632?
2
What is the units digit of 845?
5
What is the hundreds digit of 1863?
8
What is the hundreds digit of 71861?
8
What is the units digit of 1719?
9
What is the units digit of 917?
7
What is the tens digit of 6419?
1
What is the tens digit of 3231?
3
What is the units digit of 256?
6
What is the tens digit of 6886?
8
What is the tens digit of 1252?
5
What is the ten thousands digit of 121795?
2
What is the ten thousands digit of 21244?
2
What is the tens digit of 3554?
5
What is the units digit of 565?
5
What is the tens digit of 2814?
1
What is the thousands digit of 24103?
4
What is the tens digit of 102930?
3
What is the thousands digit of 17452?
7
What is the hundreds digit of 26795?
7
What is the thousands digit of 10121?
0
What is the thousands digit of 1629?
1
What is the hundreds digit of 1124?
1
What is the units digit of 318?
8
What is the units digit of 1516?
6
What is the units digit of 79235?
5
What is the tens digit of 3991?
9
What is the ten thousands digit of 13067?
1
What is the units digit of 2793?
3
What is the hundreds digit of 26553?
5
What is the units digit of 1685?
5
What is the hundreds digit of 223?
2
What is the tens digit of 111714?
1
What is the tens digit of 73590?
9
What is the thousands digit of 17519?
7
What is the hundreds digit of 392?
3
What is the units digit of 4062?
2
What is the tens digit of 391?
9
What is the tens digit of 10474?
7
What is the hundreds digit of 1485?
4
What is the thousands digit of 77621?
7
What is the tens digit of 95614?
1
What is the tens digit of 895?
9
What is the thousands digit of 1778?
1
What is the tens digit of 172?
7
What is the tens digit of 56957?
5
What is the hundreds digit of 290?
2
What is the units digit of 10357?
7
What is the hundreds digit of 781?
7
What is the tens digit of 8678?
7
What is the units digit of 30679?
9
What is the ten thousands digit of 19445?
1
What is the thousands digit of 5479?
5
What is the units digit of 1018?
8
What is the units digit of 14552?
2
What is the units digit of 20942?
2
What is the hundreds digit of 2197?
1
What is the thousands digit of 169726?
9
What is the units digit of 149174?
4
What is the thousands digit of 21230?
1
What is the thousands digit of 110257?
0
What is the units digit of 40?
0
What is the tens digit of 768?
6
What is the hundreds digit of 20338?
3
What is the tens digit of 893?
9
What is the thousands digit of 1422?
1
What is the tens digit of 34891?
9
What is the units digit of 82541?
1
What is the ten thousands digit of 57726?
5
What is the thousands digit of 8561?
8
What is the tens digit of 1312?
1
What is the thousands digit of 1803?
1
What is the units digit of 15614?
4
What is the tens digit of 1385?
8
What is the tens digit of 42949?
4
What is the thousands digit of 37444?
7
What is the thousands digit of 63426?
3
What is the units digit of 2630?
0
What is the ten thousands digit of 115723?
1
What is the ten thousands digit of 11210?
1
What is the hundreds digit of 7917?
9
What is the units digit of 5315?
5
What is the thousands digit of 11116?
1
What is the units digit of 40678?
8
What is the thousands digit of 1024?
1
What is the hundreds digit of 17643?
6
What is the thousands digit of 1186?
1
What is the tens digit of 80643?
4
What is the thousands digit of 82851?
2
What is the units digit of 1167?
7
What is the tens digit of 9459?
5
What is the thousands digit of 32505?
2
What is the hundred thousands digit of 117949?
1
What is the hundreds digit of 959?
9
What is the tens digit of 7929?
2
What is the thousands digit of 3086?
3
What is the thousands digit of 7408?
7
What is the thousands digit of 1869?
1
What is the hundreds digit of 12971?
9
What is the hundreds digit of 1349?
3
What is the tens digit of 33466?
6
What is the units digit of 2720?
0
What is the tens digit of 2416?
1
What is the thousands digit of 6692?
6
What is the ten thousands digit of 22007?
2
What is the tens digit of 112819?
1
What is the units digit of 14814?
4
What is the units digit of 20025?
5
What is the hundreds digit of 56983?
9
What is the ten thousands digit of 45282?
4
What is the units digit of 18957?
7
What is the thousands digit of 37533?
7
What is the ten thousands digit of 65021?
6
What is the tens digit of 3877?
7
What is the units digit of 48809?
9
What is the hundreds digit of 360?
3
What is the tens digit of 1184?
8
What is the tens digit of 3007?
0
What is the tens digit of 14214?
1
What is the tens digit of 878?
7
What is the hundreds digit of 75803?
8
What is the tens digit of 5505?
0
What is the tens digit of 200?
0
What is the hundred thousands digit of 117403?
1
What is the units digit of 567